[INFO] cloning repository https://github.com/SparrowLii/ndarray-simd-test
[INFO] running `Command { std: "git" "-c" "credential.helper=" "-c" "credential.helper=/workspace/cargo-home/bin/git-credential-null" "clone" "--bare" "https://github.com/SparrowLii/ndarray-simd-test" "/workspace/cache/git-repos/https%3A%2F%2Fgithub.com%2FSparrowLii%2Fndarray-simd-test", kill_on_drop: false }`
[INFO] [stderr] Cloning into bare repository '/workspace/cache/git-repos/https%3A%2F%2Fgithub.com%2FSparrowLii%2Fndarray-simd-test'...
[INFO] running `Command { std: "git" "rev-parse" "HEAD", kill_on_drop: false }`
[INFO] [stdout] 8c8f6afcff1f0668bb114bb073568be481e6563c
[INFO] checking SparrowLii/ndarray-simd-test against master#e6e4f7ed1589e03bc2f6c5931c1a72e7947e8682 for beta-170-4
[INFO] running `Command { std: "git" "clone" "/workspace/cache/git-repos/https%3A%2F%2Fgithub.com%2FSparrowLii%2Fndarray-simd-test" "/workspace/builds/worker-7-tc2/source", kill_on_drop: false }`
[INFO] [stderr] Cloning into '/workspace/builds/worker-7-tc2/source'...
[INFO] [stderr] done.
[INFO] validating manifest of git repo https://github.com/SparrowLii/ndarray-simd-test on toolchain e6e4f7ed1589e03bc2f6c5931c1a72e7947e8682
[INFO] running `Command { std: CARGO_HOME="/workspace/cargo-home" RUSTUP_HOME="/workspace/rustup-home" "/workspace/cargo-home/bin/cargo" "+e6e4f7ed1589e03bc2f6c5931c1a72e7947e8682" "metadata" "--manifest-path" "Cargo.toml" "--no-deps", kill_on_drop: false }`
[INFO] started tweaking git repo https://github.com/SparrowLii/ndarray-simd-test
[INFO] finished tweaking git repo https://github.com/SparrowLii/ndarray-simd-test
[INFO] tweaked toml for git repo https://github.com/SparrowLii/ndarray-simd-test written to /workspace/builds/worker-7-tc2/source/Cargo.toml
[INFO] crate git repo https://github.com/SparrowLii/ndarray-simd-test already has a lockfile, it will not be regenerated
[INFO] running `Command { std: CARGO_HOME="/workspace/cargo-home" RUSTUP_HOME="/workspace/rustup-home" "/workspace/cargo-home/bin/cargo" "+e6e4f7ed1589e03bc2f6c5931c1a72e7947e8682" "fetch" "--manifest-path" "Cargo.toml", kill_on_drop: false }`
[INFO] running `Command { std: "docker" "create" "-v" "/var/lib/crater-agent-workspace/builds/worker-7-tc2/target:/opt/rustwide/target:rw,Z" "-v" "/var/lib/crater-agent-workspace/builds/worker-7-tc2/source:/opt/rustwide/workdir:ro,Z" "-v" "/var/lib/crater-agent-workspace/cargo-home:/opt/rustwide/cargo-home:ro,Z" "-v" "/var/lib/crater-agent-workspace/rustup-home:/opt/rustwide/rustup-home:ro,Z" "-e" "SOURCE_DIR=/opt/rustwide/workdir" "-e" "CARGO_TARGET_DIR=/opt/rustwide/target" "-e" "CARGO_HOME=/opt/rustwide/cargo-home" "-e" "RUSTUP_HOME=/opt/rustwide/rustup-home" "-w" "/opt/rustwide/workdir" "-m" "1610612736" "--user" "0:0" "--network" "none" "ghcr.io/rust-lang/crates-build-env/linux@sha256:19e73879b68f455e41552ea35293514db52ea292d993f571636dbffedb77a1ee" "/opt/rustwide/cargo-home/bin/cargo" "+e6e4f7ed1589e03bc2f6c5931c1a72e7947e8682" "metadata" "--no-deps" "--format-version=1", kill_on_drop: false }`
[INFO] [stdout] b36ca70a285bc67f81e4849362752879c6944f0f2cc52394dc65b2c0568c74c8
[INFO] running `Command { std: "docker" "start" "-a" "b36ca70a285bc67f81e4849362752879c6944f0f2cc52394dc65b2c0568c74c8", kill_on_drop: false }`
[INFO] running `Command { std: "docker" "inspect" "b36ca70a285bc67f81e4849362752879c6944f0f2cc52394dc65b2c0568c74c8", kill_on_drop: false }`
[INFO] running `Command { std: "docker" "rm" "-f" "b36ca70a285bc67f81e4849362752879c6944f0f2cc52394dc65b2c0568c74c8", kill_on_drop: false }`
[INFO] [stdout] b36ca70a285bc67f81e4849362752879c6944f0f2cc52394dc65b2c0568c74c8
[INFO] running `Command { std: "docker" "create" "-v" "/var/lib/crater-agent-workspace/builds/worker-7-tc2/target:/opt/rustwide/target:rw,Z" "-v" "/var/lib/crater-agent-workspace/builds/worker-7-tc2/source:/opt/rustwide/workdir:ro,Z" "-v" "/var/lib/crater-agent-workspace/cargo-home:/opt/rustwide/cargo-home:ro,Z" "-v" "/var/lib/crater-agent-workspace/rustup-home:/opt/rustwide/rustup-home:ro,Z" "-e" "SOURCE_DIR=/opt/rustwide/workdir" "-e" "CARGO_TARGET_DIR=/opt/rustwide/target" "-e" "CARGO_INCREMENTAL=0" "-e" "RUST_BACKTRACE=full" "-e" "RUSTFLAGS=--cap-lints=forbid" "-e" "RUSTDOCFLAGS=--cap-lints=forbid" "-e" "CARGO_HOME=/opt/rustwide/cargo-home" "-e" "RUSTUP_HOME=/opt/rustwide/rustup-home" "-w" "/opt/rustwide/workdir" "-m" "1610612736" "--user" "0:0" "--network" "none" "ghcr.io/rust-lang/crates-build-env/linux@sha256:19e73879b68f455e41552ea35293514db52ea292d993f571636dbffedb77a1ee" "/opt/rustwide/cargo-home/bin/cargo" "+e6e4f7ed1589e03bc2f6c5931c1a72e7947e8682" "check" "--frozen" "--all" "--all-targets" "--message-format=json", kill_on_drop: false }`
[INFO] [stdout] be1bfea0f1b873afae043f53c94d45a133469fb4a93181279ebfc7fc818f2866
[INFO] running `Command { std: "docker" "start" "-a" "be1bfea0f1b873afae043f53c94d45a133469fb4a93181279ebfc7fc818f2866", kill_on_drop: false }`
[INFO] [stderr]    Compiling libc v0.2.88
[INFO] [stderr]    Compiling libm v0.2.1
[INFO] [stderr]    Compiling num-traits v0.2.14
[INFO] [stderr]    Compiling getrandom v0.2.2
[INFO] [stderr]    Compiling core_arch v0.1.5 (/opt/rustwide/workdir/stdarch-ndarray/crates/core_arch)
[INFO] [stderr]    Compiling num-integer v0.1.44
[INFO] [stderr]     Checking ppv-lite86 v0.2.10
[INFO] [stderr]    Compiling ndarray v0.14.0 (/opt/rustwide/workdir/ndarray-sprrowlii)
[INFO] [stderr]     Checking matrixmultiply v0.3.0
[INFO] [stdout] error[E0557]: feature has been removed
[INFO] [stdout]  --> stdarch-ndarray/crates/core_arch/src/lib.rs:7:5
[INFO] [stdout]   |
[INFO] [stdout] 7 |     const_fn,
[INFO] [stdout]   |     ^^^^^^^^ feature has been removed
[INFO] [stdout]   |
[INFO] [stdout]   = note: split into finer-grained feature gates
[INFO] [stdout] 
[INFO] [stdout] 
[INFO] [stdout] error[E0557]: feature has been removed
[INFO] [stdout]   --> stdarch-ndarray/crates/core_arch/src/lib.rs:37:5
[INFO] [stdout]    |
[INFO] [stdout] 37 |     external_doc,
[INFO] [stdout]    |     ^^^^^^^^^^^^ feature has been removed
[INFO] [stdout]    |
[INFO] [stdout]    = note: use #[doc = include_str!("filename")] instead, which handles macro invocations
[INFO] [stdout] 
[INFO] [stdout] 
[INFO] [stdout] error: attributes starting with `rustc` are reserved for use by the `rustc` compiler
[INFO] [stdout]   --> stdarch-ndarray/crates/core_arch/src/simd_llvm.rs:12:7
[INFO] [stdout]    |
[INFO] [stdout] 12 |     #[rustc_args_required_const(2)]
[INFO] [stdout]    |       ^^^^^^^^^^^^^^^^^^^^^^^^^
[INFO] [stdout] 
[INFO] [stdout] 
[INFO] [stdout] error: attributes starting with `rustc` are reserved for use by the `rustc` compiler
[INFO] [stdout]   --> stdarch-ndarray/crates/core_arch/src/simd_llvm.rs:14:7
[INFO] [stdout]    |
[INFO] [stdout] 14 |     #[rustc_args_required_const(2)]
[INFO] [stdout]    |       ^^^^^^^^^^^^^^^^^^^^^^^^^
[INFO] [stdout] 
[INFO] [stdout] 
[INFO] [stdout] error: attributes starting with `rustc` are reserved for use by the `rustc` compiler
[INFO] [stdout]   --> stdarch-ndarray/crates/core_arch/src/simd_llvm.rs:16:7
[INFO] [stdout]    |
[INFO] [stdout] 16 |     #[rustc_args_required_const(2)]
[INFO] [stdout]    |       ^^^^^^^^^^^^^^^^^^^^^^^^^
[INFO] [stdout] 
[INFO] [stdout] 
[INFO] [stdout] error: attributes starting with `rustc` are reserved for use by the `rustc` compiler
[INFO] [stdout]   --> stdarch-ndarray/crates/core_arch/src/simd_llvm.rs:18:7
[INFO] [stdout]    |
[INFO] [stdout] 18 |     #[rustc_args_required_const(2)]
[INFO] [stdout]    |       ^^^^^^^^^^^^^^^^^^^^^^^^^
[INFO] [stdout] 
[INFO] [stdout] 
[INFO] [stdout] error: attributes starting with `rustc` are reserved for use by the `rustc` compiler
[INFO] [stdout]   --> stdarch-ndarray/crates/core_arch/src/simd_llvm.rs:20:7
[INFO] [stdout]    |
[INFO] [stdout] 20 |     #[rustc_args_required_const(2)]
[INFO] [stdout]    |       ^^^^^^^^^^^^^^^^^^^^^^^^^
[INFO] [stdout] 
[INFO] [stdout] 
[INFO] [stdout] error: attributes starting with `rustc` are reserved for use by the `rustc` compiler
[INFO] [stdout]   --> stdarch-ndarray/crates/core_arch/src/simd_llvm.rs:22:7
[INFO] [stdout]    |
[INFO] [stdout] 22 |     #[rustc_args_required_const(2)]
[INFO] [stdout]    |       ^^^^^^^^^^^^^^^^^^^^^^^^^
[INFO] [stdout] 
[INFO] [stdout] 
[INFO] [stdout] error: attributes starting with `rustc` are reserved for use by the `rustc` compiler
[INFO] [stdout]   --> stdarch-ndarray/crates/core_arch/src/simd_llvm.rs:24:7
[INFO] [stdout]    |
[INFO] [stdout] 24 |     #[rustc_args_required_const(2)]
[INFO] [stdout]    |       ^^^^^^^^^^^^^^^^^^^^^^^^^
[INFO] [stdout] 
[INFO] [stdout] 
[INFO] [stdout] error: attributes starting with `rustc` are reserved for use by the `rustc` compiler
[INFO] [stdout]   --> stdarch-ndarray/crates/core_arch/src/x86/eflags.rs:26:3
[INFO] [stdout]    |
[INFO] [stdout] 26 | #[rustc_deprecated(
[INFO] [stdout]    |   ^^^^^^^^^^^^^^^^
[INFO] [stdout] 
[INFO] [stdout] 
[INFO] [stdout] error: attributes starting with `rustc` are reserved for use by the `rustc` compiler
[INFO] [stdout]   --> stdarch-ndarray/crates/core_arch/src/x86/eflags.rs:58:3
[INFO] [stdout]    |
[INFO] [stdout] 58 | #[rustc_deprecated(
[INFO] [stdout]    |   ^^^^^^^^^^^^^^^^
[INFO] [stdout] 
[INFO] [stdout] 
[INFO] [stdout] error: cannot find attribute `rustc_args_required_const` in this scope
[INFO] [stdout]   --> stdarch-ndarray/crates/core_arch/src/simd_llvm.rs:12:7
[INFO] [stdout]    |
[INFO] [stdout] 12 |     #[rustc_args_required_const(2)]
[INFO] [stdout]    |       ^^^^^^^^^^^^^^^^^^^^^^^^^
[INFO] [stdout] 
[INFO] [stdout] 
[INFO] [stdout] error: cannot find attribute `rustc_args_required_const` in this scope
[INFO] [stdout]   --> stdarch-ndarray/crates/core_arch/src/simd_llvm.rs:14:7
[INFO] [stdout]    |
[INFO] [stdout] 14 |     #[rustc_args_required_const(2)]
[INFO] [stdout]    |       ^^^^^^^^^^^^^^^^^^^^^^^^^
[INFO] [stdout] 
[INFO] [stdout] 
[INFO] [stdout] error: cannot find attribute `rustc_args_required_const` in this scope
[INFO] [stdout]   --> stdarch-ndarray/crates/core_arch/src/simd_llvm.rs:16:7
[INFO] [stdout]    |
[INFO] [stdout] 16 |     #[rustc_args_required_const(2)]
[INFO] [stdout]    |       ^^^^^^^^^^^^^^^^^^^^^^^^^
[INFO] [stdout] 
[INFO] [stdout] 
[INFO] [stdout] error: cannot find attribute `rustc_args_required_const` in this scope
[INFO] [stdout]   --> stdarch-ndarray/crates/core_arch/src/simd_llvm.rs:18:7
[INFO] [stdout]    |
[INFO] [stdout] 18 |     #[rustc_args_required_const(2)]
[INFO] [stdout]    |       ^^^^^^^^^^^^^^^^^^^^^^^^^
[INFO] [stdout] 
[INFO] [stdout] 
[INFO] [stdout] error: cannot find attribute `rustc_args_required_const` in this scope
[INFO] [stdout]   --> stdarch-ndarray/crates/core_arch/src/simd_llvm.rs:20:7
[INFO] [stdout]    |
[INFO] [stdout] 20 |     #[rustc_args_required_const(2)]
[INFO] [stdout]    |       ^^^^^^^^^^^^^^^^^^^^^^^^^
[INFO] [stdout] 
[INFO] [stdout] 
[INFO] [stdout] error: cannot find attribute `rustc_args_required_const` in this scope
[INFO] [stdout]   --> stdarch-ndarray/crates/core_arch/src/simd_llvm.rs:22:7
[INFO] [stdout]    |
[INFO] [stdout] 22 |     #[rustc_args_required_const(2)]
[INFO] [stdout]    |       ^^^^^^^^^^^^^^^^^^^^^^^^^
[INFO] [stdout] 
[INFO] [stdout] 
[INFO] [stdout] error: cannot find attribute `rustc_args_required_const` in this scope
[INFO] [stdout]   --> stdarch-ndarray/crates/core_arch/src/simd_llvm.rs:24:7
[INFO] [stdout]    |
[INFO] [stdout] 24 |     #[rustc_args_required_const(2)]
[INFO] [stdout]    |       ^^^^^^^^^^^^^^^^^^^^^^^^^
[INFO] [stdout] 
[INFO] [stdout] 
[INFO] [stdout] error: cannot find attribute `rustc_deprecated` in this scope
[INFO] [stdout]   --> stdarch-ndarray/crates/core_arch/src/x86/eflags.rs:26:3
[INFO] [stdout]    |
[INFO] [stdout] 26 | #[rustc_deprecated(
[INFO] [stdout]    |   ^^^^^^^^^^^^^^^^
[INFO] [stdout] 
[INFO] [stdout] 
[INFO] [stdout] error: cannot find macro `llvm_asm` in this scope
[INFO] [stdout]   --> stdarch-ndarray/crates/core_arch/src/x86/eflags.rs:33:5
[INFO] [stdout]    |
[INFO] [stdout] 33 |     llvm_asm!("pushfq; popq $0" : "=r"(eflags) : : : "volatile");
[INFO] [stdout]    |     ^^^^^^^^
[INFO] [stdout] 
[INFO] [stdout] 
[INFO] [stdout] error: cannot find attribute `rustc_deprecated` in this scope
[INFO] [stdout]   --> stdarch-ndarray/crates/core_arch/src/x86/eflags.rs:58:3
[INFO] [stdout]    |
[INFO] [stdout] 58 | #[rustc_deprecated(
[INFO] [stdout]    |   ^^^^^^^^^^^^^^^^
[INFO] [stdout] 
[INFO] [stdout] 
[INFO] [stdout] error: cannot find macro `llvm_asm` in this scope
[INFO] [stdout]   --> stdarch-ndarray/crates/core_arch/src/x86/eflags.rs:64:5
[INFO] [stdout]    |
[INFO] [stdout] 64 |     llvm_asm!("pushq $0; popfq" : : "r"(eflags) : "cc", "flags" : "volatile");
[INFO] [stdout]    |     ^^^^^^^^
[INFO] [stdout] 
[INFO] [stdout] 
[INFO] [stdout] error: cannot find macro `asm` in this scope
[INFO] [stdout]   --> stdarch-ndarray/crates/core_arch/src/x86/cpuid.rs:75:9
[INFO] [stdout]    |
[INFO] [stdout] 75 |         asm!(
[INFO] [stdout]    |         ^^^
[INFO] [stdout]    |
[INFO] [stdout]    = help: consider importing this macro:
[INFO] [stdout]            core::arch::asm
[INFO] [stdout] 
[INFO] [stdout] 
[INFO] [stdout] error: cannot find macro `llvm_asm` in this scope
[INFO] [stdout]   --> stdarch-ndarray/crates/core_arch/src/x86/bt.rs:10:5
[INFO] [stdout]    |
[INFO] [stdout] 10 |     llvm_asm!("btl $2, $1\n\tsetc ${0:b}"
[INFO] [stdout]    |     ^^^^^^^^
[INFO] [stdout] 
[INFO] [stdout] 
[INFO] [stdout] error: cannot find macro `llvm_asm` in this scope
[INFO] [stdout]   --> stdarch-ndarray/crates/core_arch/src/x86/bt.rs:23:5
[INFO] [stdout]    |
[INFO] [stdout] 23 |     llvm_asm!("btsl $2, $1\n\tsetc ${0:b}"
[INFO] [stdout]    |     ^^^^^^^^
[INFO] [stdout] 
[INFO] [stdout] 
[INFO] [stdout] error: cannot find macro `llvm_asm` in this scope
[INFO] [stdout]   --> stdarch-ndarray/crates/core_arch/src/x86/bt.rs:36:5
[INFO] [stdout]    |
[INFO] [stdout] 36 |     llvm_asm!("btrl $2, $1\n\tsetc ${0:b}"
[INFO] [stdout]    |     ^^^^^^^^
[INFO] [stdout] 
[INFO] [stdout] 
[INFO] [stdout] error: cannot find macro `llvm_asm` in this scope
[INFO] [stdout]   --> stdarch-ndarray/crates/core_arch/src/x86/bt.rs:49:5
[INFO] [stdout]    |
[INFO] [stdout] 49 |     llvm_asm!("btcl $2, $1\n\tsetc ${0:b}"
[INFO] [stdout]    |     ^^^^^^^^
[INFO] [stdout] 
[INFO] [stdout] 
[INFO] [stdout] error: cannot find macro `llvm_asm` in this scope
[INFO] [stdout]   --> stdarch-ndarray/crates/core_arch/src/x86_64/bt.rs:10:5
[INFO] [stdout]    |
[INFO] [stdout] 10 |     llvm_asm!("btq $2, $1\n\tsetc ${0:b}"
[INFO] [stdout]    |     ^^^^^^^^
[INFO] [stdout] 
[INFO] [stdout] 
[INFO] [stdout] error: cannot find macro `llvm_asm` in this scope
[INFO] [stdout]   --> stdarch-ndarray/crates/core_arch/src/x86_64/bt.rs:23:5
[INFO] [stdout]    |
[INFO] [stdout] 23 |     llvm_asm!("btsq $2, $1\n\tsetc ${0:b}"
[INFO] [stdout]    |     ^^^^^^^^
[INFO] [stdout] 
[INFO] [stdout] 
[INFO] [stdout] error: cannot find macro `llvm_asm` in this scope
[INFO] [stdout]   --> stdarch-ndarray/crates/core_arch/src/x86_64/bt.rs:36:5
[INFO] [stdout]    |
[INFO] [stdout] 36 |     llvm_asm!("btrq $2, $1\n\tsetc ${0:b}"
[INFO] [stdout]    |     ^^^^^^^^
[INFO] [stdout] 
[INFO] [stdout] 
[INFO] [stdout] error: cannot find macro `llvm_asm` in this scope
[INFO] [stdout]   --> stdarch-ndarray/crates/core_arch/src/x86_64/bt.rs:49:5
[INFO] [stdout]    |
[INFO] [stdout] 49 |     llvm_asm!("btcq $2, $1\n\tsetc ${0:b}"
[INFO] [stdout]    |     ^^^^^^^^
[INFO] [stdout] 
[INFO] [stdout] 
[INFO] [stderr]     Checking rand_core v0.6.2
[INFO] [stderr]     Checking rand_chacha v0.3.0
[INFO] [stdout] error[E0425]: cannot find function `atomic_cxchg_acq` in module `intrinsics`
[INFO] [stdout]   --> stdarch-ndarray/crates/core_arch/src/x86_64/cmpxchg16b.rs:57:43
[INFO] [stdout]    |
[INFO] [stdout] 57 |         (Acquire, Acquire) => intrinsics::atomic_cxchg_acq(dst, old, new),
[INFO] [stdout]    |                                           ^^^^^^^^^^^^^^^^ help: a function with a similar name exists: `atomic_xchg_acqrel`
[INFO] [stdout]   --> /rustc/e6e4f7ed1589e03bc2f6c5931c1a72e7947e8682/library/core/src/intrinsics.rs:398:5
[INFO] [stdout]    |
[INFO] [stdout]    = note: similarly named function `atomic_xchg_acqrel` defined here
[INFO] [stdout] 
[INFO] [stdout] 
[INFO] [stdout] error[E0425]: cannot find function `atomic_cxchg_rel` in module `intrinsics`
[INFO] [stdout]   --> stdarch-ndarray/crates/core_arch/src/x86_64/cmpxchg16b.rs:58:43
[INFO] [stdout]    |
[INFO] [stdout] 58 |         (Release, Relaxed) => intrinsics::atomic_cxchg_rel(dst, old, new),
[INFO] [stdout]    |                                           ^^^^^^^^^^^^^^^^ help: a function with a similar name exists: `atomic_xchg_acqrel`
[INFO] [stdout]   --> /rustc/e6e4f7ed1589e03bc2f6c5931c1a72e7947e8682/library/core/src/intrinsics.rs:398:5
[INFO] [stdout]    |
[INFO] [stdout]    = note: similarly named function `atomic_xchg_acqrel` defined here
[INFO] [stdout] 
[INFO] [stdout] 
[INFO] [stdout] error[E0425]: cannot find function `atomic_cxchg_acqrel` in module `intrinsics`
[INFO] [stdout]   --> stdarch-ndarray/crates/core_arch/src/x86_64/cmpxchg16b.rs:59:42
[INFO] [stdout]    |
[INFO] [stdout] 59 |         (AcqRel, Acquire) => intrinsics::atomic_cxchg_acqrel(dst, old, new),
[INFO] [stdout]    |                                          ^^^^^^^^^^^^^^^^^^^ help: a function with a similar name exists: `atomic_xchg_acqrel`
[INFO] [stdout]   --> /rustc/e6e4f7ed1589e03bc2f6c5931c1a72e7947e8682/library/core/src/intrinsics.rs:398:5
[INFO] [stdout]    |
[INFO] [stdout]    = note: similarly named function `atomic_xchg_acqrel` defined here
[INFO] [stdout] 
[INFO] [stdout] 
[INFO] [stdout] error[E0425]: cannot find function `atomic_cxchg_relaxed` in module `intrinsics`
[INFO] [stdout]   --> stdarch-ndarray/crates/core_arch/src/x86_64/cmpxchg16b.rs:60:43
[INFO] [stdout]    |
[INFO] [stdout] 60 |         (Relaxed, Relaxed) => intrinsics::atomic_cxchg_relaxed(dst, old, new),
[INFO] [stdout]    |                                           ^^^^^^^^^^^^^^^^^^^^ help: a function with a similar name exists: `atomic_xchg_relaxed`
[INFO] [stdout]   --> /rustc/e6e4f7ed1589e03bc2f6c5931c1a72e7947e8682/library/core/src/intrinsics.rs:405:5
[INFO] [stdout]    |
[INFO] [stdout]    = note: similarly named function `atomic_xchg_relaxed` defined here
[INFO] [stdout] 
[INFO] [stdout] 
[INFO] [stdout] error[E0425]: cannot find function `atomic_cxchg` in module `intrinsics`
[INFO] [stdout]   --> stdarch-ndarray/crates/core_arch/src/x86_64/cmpxchg16b.rs:61:41
[INFO] [stdout]    |
[INFO] [stdout] 61 |         (SeqCst, SeqCst) => intrinsics::atomic_cxchg(dst, old, new),
[INFO] [stdout]    |                                         ^^^^^^^^^^^^ not found in `intrinsics`
[INFO] [stdout] 
[INFO] [stdout] 
[INFO] [stdout] error[E0425]: cannot find function `atomic_cxchg_acq_failrelaxed` in module `intrinsics`
[INFO] [stdout]   --> stdarch-ndarray/crates/core_arch/src/x86_64/cmpxchg16b.rs:62:43
[INFO] [stdout]    |
[INFO] [stdout] 62 |         (Acquire, Relaxed) => intrinsics::atomic_cxchg_acq_failrelaxed(dst, old, new),
[INFO] [stdout]    |                                           ^^^^^^^^^^^^^^^^^^^^^^^^^^^^ help: a function with a similar name exists: `atomic_cxchg_acqrel_relaxed`
[INFO] [stdout]   --> /rustc/e6e4f7ed1589e03bc2f6c5931c1a72e7947e8682/library/core/src/intrinsics.rs:160:5
[INFO] [stdout]    |
[INFO] [stdout]    = note: similarly named function `atomic_cxchg_acqrel_relaxed` defined here
[INFO] [stdout] 
[INFO] [stdout] 
[INFO] [stdout] error[E0425]: cannot find function `atomic_cxchg_acqrel_failrelaxed` in module `intrinsics`
[INFO] [stdout]   --> stdarch-ndarray/crates/core_arch/src/x86_64/cmpxchg16b.rs:63:42
[INFO] [stdout]    |
[INFO] [stdout] 63 |         (AcqRel, Relaxed) => intrinsics::atomic_cxchg_acqrel_failrelaxed(dst, old, new),
[INFO] [stdout]    |                                          ^^^^^^^^^^^^^^^^^^^^^^^^^^^^^^^ help: a function with a similar name exists: `atomic_cxchg_acqrel_relaxed`
[INFO] [stdout]   --> /rustc/e6e4f7ed1589e03bc2f6c5931c1a72e7947e8682/library/core/src/intrinsics.rs:160:5
[INFO] [stdout]    |
[INFO] [stdout]    = note: similarly named function `atomic_cxchg_acqrel_relaxed` defined here
[INFO] [stdout] 
[INFO] [stdout] 
[INFO] [stdout] error[E0425]: cannot find function `atomic_cxchg_failrelaxed` in module `intrinsics`
[INFO] [stdout]   --> stdarch-ndarray/crates/core_arch/src/x86_64/cmpxchg16b.rs:64:42
[INFO] [stdout]    |
[INFO] [stdout] 64 |         (SeqCst, Relaxed) => intrinsics::atomic_cxchg_failrelaxed(dst, old, new),
[INFO] [stdout]    |                                          ^^^^^^^^^^^^^^^^^^^^^^^^ help: a function with a similar name exists: `atomic_xchg_relaxed`
[INFO] [stdout]   --> /rustc/e6e4f7ed1589e03bc2f6c5931c1a72e7947e8682/library/core/src/intrinsics.rs:405:5
[INFO] [stdout]    |
[INFO] [stdout]    = note: similarly named function `atomic_xchg_relaxed` defined here
[INFO] [stdout] 
[INFO] [stdout] 
[INFO] [stdout] error[E0425]: cannot find function `atomic_cxchg_failacq` in module `intrinsics`
[INFO] [stdout]   --> stdarch-ndarray/crates/core_arch/src/x86_64/cmpxchg16b.rs:65:42
[INFO] [stdout]    |
[INFO] [stdout] 65 |         (SeqCst, Acquire) => intrinsics::atomic_cxchg_failacq(dst, old, new),
[INFO] [stdout]    |                                          ^^^^^^^^^^^^^^^^^^^^ not found in `intrinsics`
[INFO] [stdout] 
[INFO] [stdout] 
[INFO] [stdout] warning: unknown lint: `automatic_links`
[INFO] [stdout]  --> stdarch-ndarray/crates/core_arch/src/mod.rs:3:35
[INFO] [stdout]   |
[INFO] [stdout] 3 | #![cfg_attr(not(bootstrap), allow(automatic_links))]
[INFO] [stdout]   |                                   ^^^^^^^^^^^^^^^
[INFO] [stdout]   |
[INFO] [stdout]   = note: `#[warn(unknown_lints)]` on by default
[INFO] [stdout] 
[INFO] [stdout] 
[INFO] [stdout] warning: unused doc comment
[INFO] [stdout]     --> stdarch-ndarray/crates/core_arch/src/x86/avx.rs:2902:1
[INFO] [stdout]      |
[INFO] [stdout] 2902 |   /// LLVM intrinsics used in the above functions
[INFO] [stdout]      |   ^^^^^^^^^^^^^^^^^^^^^^^^^^^^^^^^^^^^^^^^^^^^^^^
[INFO] [stdout] 2903 |   #[allow(improper_ctypes)]
[INFO] [stdout] 2904 | / extern "C" {
[INFO] [stdout] 2905 | |     #[link_name = "llvm.x86.avx.addsub.pd.256"]
[INFO] [stdout] 2906 | |     fn addsubpd256(a: __m256d, b: __m256d) -> __m256d;
[INFO] [stdout] 2907 | |     #[link_name = "llvm.x86.avx.addsub.ps.256"]
[INFO] [stdout] ...    |
[INFO] [stdout] 3036 | |     fn movmskps256(a: __m256) -> i32;
[INFO] [stdout] 3037 | | }
[INFO] [stdout]      | |_- rustdoc does not generate documentation for extern blocks
[INFO] [stdout]      |
[INFO] [stdout]      = help: use `//` for a plain comment
[INFO] [stdout]      = note: `#[warn(unused_doc_comments)]` on by default
[INFO] [stdout] 
[INFO] [stdout] 
[INFO] [stderr]     Checking rand v0.8.3
[INFO] [stderr]     Checking num-complex v0.3.1
[INFO] [stdout] warning: the feature `const_fn_union` has been stable since 1.56.0 and no longer requires an attribute to enable
[INFO] [stdout]  --> stdarch-ndarray/crates/core_arch/src/lib.rs:8:5
[INFO] [stdout]   |
[INFO] [stdout] 8 |     const_fn_union,
[INFO] [stdout]   |     ^^^^^^^^^^^^^^
[INFO] [stdout]   |
[INFO] [stdout]   = note: `#[warn(stable_features)]` on by default
[INFO] [stdout] 
[INFO] [stdout] 
[INFO] [stdout] warning: the feature `const_fn_transmute` has been stable since 1.56.0 and no longer requires an attribute to enable
[INFO] [stdout]  --> stdarch-ndarray/crates/core_arch/src/lib.rs:9:5
[INFO] [stdout]   |
[INFO] [stdout] 9 |     const_fn_transmute,
[INFO] [stdout]   |     ^^^^^^^^^^^^^^^^^^
[INFO] [stdout] 
[INFO] [stdout] 
[INFO] [stdout] warning: the feature `aarch64_target_feature` has been stable since 1.61.0 and no longer requires an attribute to enable
[INFO] [stdout]   --> stdarch-ndarray/crates/core_arch/src/lib.rs:27:5
[INFO] [stdout]    |
[INFO] [stdout] 27 |     aarch64_target_feature,
[INFO] [stdout]    |     ^^^^^^^^^^^^^^^^^^^^^^
[INFO] [stdout] 
[INFO] [stdout] 
[INFO] [stdout] warning: the feature `cmpxchg16b_target_feature` has been stable since 1.69.0 and no longer requires an attribute to enable
[INFO] [stdout]   --> stdarch-ndarray/crates/core_arch/src/lib.rs:28:5
[INFO] [stdout]    |
[INFO] [stdout] 28 |     cmpxchg16b_target_feature,
[INFO] [stdout]    |     ^^^^^^^^^^^^^^^^^^^^^^^^^
[INFO] [stdout] 
[INFO] [stdout] 
[INFO] [stdout] warning: the feature `adx_target_feature` has been stable since 1.61.0 and no longer requires an attribute to enable
[INFO] [stdout]   --> stdarch-ndarray/crates/core_arch/src/lib.rs:34:5
[INFO] [stdout]    |
[INFO] [stdout] 34 |     adx_target_feature,
[INFO] [stdout]    |     ^^^^^^^^^^^^^^^^^^
[INFO] [stdout] 
[INFO] [stdout] 
[INFO] [stdout] warning: the feature `f16c_target_feature` has been stable since 1.68.0 and no longer requires an attribute to enable
[INFO] [stdout]   --> stdarch-ndarray/crates/core_arch/src/lib.rs:36:5
[INFO] [stdout]    |
[INFO] [stdout] 36 |     f16c_target_feature,
[INFO] [stdout]    |     ^^^^^^^^^^^^^^^^^^^
[INFO] [stdout] 
[INFO] [stdout] 
[INFO] [stdout] warning: the feature `extended_key_value_attributes` has been stable since 1.54.0 and no longer requires an attribute to enable
[INFO] [stdout]   --> stdarch-ndarray/crates/core_arch/src/lib.rs:40:5
[INFO] [stdout]    |
[INFO] [stdout] 40 |     extended_key_value_attributes
[INFO] [stdout]    |     ^^^^^^^^^^^^^^^^^^^^^^^^^^^^^
[INFO] [stdout] 
[INFO] [stdout] 
[INFO] [stdout] warning: the feature `asm` has been stable since 1.59.0 and no longer requires an attribute to enable
[INFO] [stdout]  --> stdarch-ndarray/crates/core_arch/src/lib.rs:6:5
[INFO] [stdout]   |
[INFO] [stdout] 6 |     asm,
[INFO] [stdout]   |     ^^^
[INFO] [stdout] 
[INFO] [stdout] 
[INFO] [stdout] error[E0635]: unknown feature `llvm_asm`
[INFO] [stdout]   --> stdarch-ndarray/crates/core_arch/src/lib.rs:15:5
[INFO] [stdout]    |
[INFO] [stdout] 15 |     llvm_asm,
[INFO] [stdout]    |     ^^^^^^^^
[INFO] [stdout] 
[INFO] [stdout] 
[INFO] [stdout] error: the feature named `avx512gfni` is not valid for this target
[INFO] [stdout]   --> stdarch-ndarray/crates/core_arch/src/x86/avx512gfni.rs:68:18
[INFO] [stdout]    |
[INFO] [stdout] 68 | #[target_feature(enable = "avx512gfni,avx512bw,avx512f")]
[INFO] [stdout]    |                  ^^^^^^^^^^^^^^^^^^^^^^^^^^^^^^^^^^^^^^ `avx512gfni` is not valid for this target
[INFO] [stdout] 
[INFO] [stdout] 
[INFO] [stdout] error: the feature named `avx512gfni` is not valid for this target
[INFO] [stdout]   --> stdarch-ndarray/crates/core_arch/src/x86/avx512gfni.rs:83:18
[INFO] [stdout]    |
[INFO] [stdout] 83 | #[target_feature(enable = "avx512gfni,avx512bw,avx512f")]
[INFO] [stdout]    |                  ^^^^^^^^^^^^^^^^^^^^^^^^^^^^^^^^^^^^^^ `avx512gfni` is not valid for this target
[INFO] [stdout] 
[INFO] [stdout] 
[INFO] [stdout] error: the feature named `avx512gfni` is not valid for this target
[INFO] [stdout]    --> stdarch-ndarray/crates/core_arch/src/x86/avx512gfni.rs:107:18
[INFO] [stdout]     |
[INFO] [stdout] 107 | #[target_feature(enable = "avx512gfni,avx512bw,avx512f")]
[INFO] [stdout]     |                  ^^^^^^^^^^^^^^^^^^^^^^^^^^^^^^^^^^^^^^ `avx512gfni` is not valid for this target
[INFO] [stdout] 
[INFO] [stdout] 
[INFO] [stdout] error: the feature named `avx512gfni` is not valid for this target
[INFO] [stdout]    --> stdarch-ndarray/crates/core_arch/src/x86/avx512gfni.rs:124:18
[INFO] [stdout]     |
[INFO] [stdout] 124 | #[target_feature(enable = "avx512gfni,avx512bw,avx512vl")]
[INFO] [stdout]     |                  ^^^^^^^^^^^^^^^^^^^^^^^^^^^^^^^^^^^^^^^ `avx512gfni` is not valid for this target
[INFO] [stdout] 
[INFO] [stdout] 
[INFO] [stdout] error: the feature named `avx512gfni` is not valid for this target
[INFO] [stdout]    --> stdarch-ndarray/crates/core_arch/src/x86/avx512gfni.rs:139:18
[INFO] [stdout]     |
[INFO] [stdout] 139 | #[target_feature(enable = "avx512gfni,avx512bw,avx512vl")]
[INFO] [stdout]     |                  ^^^^^^^^^^^^^^^^^^^^^^^^^^^^^^^^^^^^^^^ `avx512gfni` is not valid for this target
[INFO] [stdout] 
[INFO] [stdout] 
[INFO] [stdout] error: the feature named `avx512gfni` is not valid for this target
[INFO] [stdout]    --> stdarch-ndarray/crates/core_arch/src/x86/avx512gfni.rs:163:18
[INFO] [stdout]     |
[INFO] [stdout] 163 | #[target_feature(enable = "avx512gfni,avx512bw,avx512vl")]
[INFO] [stdout]     |                  ^^^^^^^^^^^^^^^^^^^^^^^^^^^^^^^^^^^^^^^ `avx512gfni` is not valid for this target
[INFO] [stdout] 
[INFO] [stdout] 
[INFO] [stdout] error: the feature named `avx512gfni` is not valid for this target
[INFO] [stdout]    --> stdarch-ndarray/crates/core_arch/src/x86/avx512gfni.rs:180:18
[INFO] [stdout]     |
[INFO] [stdout] 180 | #[target_feature(enable = "avx512gfni,avx512bw,avx512vl")]
[INFO] [stdout]     |                  ^^^^^^^^^^^^^^^^^^^^^^^^^^^^^^^^^^^^^^^ `avx512gfni` is not valid for this target
[INFO] [stdout] 
[INFO] [stdout] 
[INFO] [stdout] error: the feature named `avx512gfni` is not valid for this target
[INFO] [stdout]    --> stdarch-ndarray/crates/core_arch/src/x86/avx512gfni.rs:195:18
[INFO] [stdout]     |
[INFO] [stdout] 195 | #[target_feature(enable = "avx512gfni,avx512bw,avx512vl")]
[INFO] [stdout]     |                  ^^^^^^^^^^^^^^^^^^^^^^^^^^^^^^^^^^^^^^^ `avx512gfni` is not valid for this target
[INFO] [stdout] 
[INFO] [stdout] 
[INFO] [stdout] error: the feature named `avx512gfni` is not valid for this target
[INFO] [stdout]    --> stdarch-ndarray/crates/core_arch/src/x86/avx512gfni.rs:219:18
[INFO] [stdout]     |
[INFO] [stdout] 219 | #[target_feature(enable = "avx512gfni,avx512bw,avx512vl")]
[INFO] [stdout]     |                  ^^^^^^^^^^^^^^^^^^^^^^^^^^^^^^^^^^^^^^^ `avx512gfni` is not valid for this target
[INFO] [stdout] 
[INFO] [stdout] 
[INFO] [stdout] error: the feature named `avx512gfni` is not valid for this target
[INFO] [stdout]    --> stdarch-ndarray/crates/core_arch/src/x86/avx512gfni.rs:237:18
[INFO] [stdout]     |
[INFO] [stdout] 237 | #[target_feature(enable = "avx512gfni,avx512bw,avx512f")]
[INFO] [stdout]     |                  ^^^^^^^^^^^^^^^^^^^^^^^^^^^^^^^^^^^^^^ `avx512gfni` is not valid for this target
[INFO] [stdout] 
[INFO] [stdout] 
[INFO] [stdout] error: the feature named `avx512gfni` is not valid for this target
[INFO] [stdout]    --> stdarch-ndarray/crates/core_arch/src/x86/avx512gfni.rs:259:18
[INFO] [stdout]     |
[INFO] [stdout] 259 | #[target_feature(enable = "avx512gfni,avx512bw,avx512f")]
[INFO] [stdout]     |                  ^^^^^^^^^^^^^^^^^^^^^^^^^^^^^^^^^^^^^^ `avx512gfni` is not valid for this target
[INFO] [stdout] 
[INFO] [stdout] 
[INFO] [stdout] error: the feature named `avx512gfni` is not valid for this target
[INFO] [stdout]    --> stdarch-ndarray/crates/core_arch/src/x86/avx512gfni.rs:286:18
[INFO] [stdout]     |
[INFO] [stdout] 286 | #[target_feature(enable = "avx512gfni,avx512bw,avx512f")]
[INFO] [stdout]     |                  ^^^^^^^^^^^^^^^^^^^^^^^^^^^^^^^^^^^^^^ `avx512gfni` is not valid for this target
[INFO] [stdout] 
[INFO] [stdout] 
[INFO] [stdout] error: the feature named `avx512gfni` is not valid for this target
[INFO] [stdout]    --> stdarch-ndarray/crates/core_arch/src/x86/avx512gfni.rs:310:18
[INFO] [stdout]     |
[INFO] [stdout] 310 | #[target_feature(enable = "avx512gfni,avx512bw,avx512vl")]
[INFO] [stdout]     |                  ^^^^^^^^^^^^^^^^^^^^^^^^^^^^^^^^^^^^^^^ `avx512gfni` is not valid for this target
[INFO] [stdout] 
[INFO] [stdout] 
[INFO] [stdout] error: the feature named `avx512gfni` is not valid for this target
[INFO] [stdout]    --> stdarch-ndarray/crates/core_arch/src/x86/avx512gfni.rs:332:18
[INFO] [stdout]     |
[INFO] [stdout] 332 | #[target_feature(enable = "avx512gfni,avx512bw,avx512vl")]
[INFO] [stdout]     |                  ^^^^^^^^^^^^^^^^^^^^^^^^^^^^^^^^^^^^^^^ `avx512gfni` is not valid for this target
[INFO] [stdout] 
[INFO] [stdout] 
[INFO] [stdout] error: the feature named `avx512gfni` is not valid for this target
[INFO] [stdout]    --> stdarch-ndarray/crates/core_arch/src/x86/avx512gfni.rs:359:18
[INFO] [stdout]     |
[INFO] [stdout] 359 | #[target_feature(enable = "avx512gfni,avx512bw,avx512vl")]
[INFO] [stdout]     |                  ^^^^^^^^^^^^^^^^^^^^^^^^^^^^^^^^^^^^^^^ `avx512gfni` is not valid for this target
[INFO] [stdout] 
[INFO] [stdout] 
[INFO] [stdout] error: the feature named `avx512gfni` is not valid for this target
[INFO] [stdout]    --> stdarch-ndarray/crates/core_arch/src/x86/avx512gfni.rs:383:18
[INFO] [stdout]     |
[INFO] [stdout] 383 | #[target_feature(enable = "avx512gfni,avx512bw,avx512vl")]
[INFO] [stdout]     |                  ^^^^^^^^^^^^^^^^^^^^^^^^^^^^^^^^^^^^^^^ `avx512gfni` is not valid for this target
[INFO] [stdout] 
[INFO] [stdout] 
[INFO] [stdout] error: the feature named `avx512gfni` is not valid for this target
[INFO] [stdout]    --> stdarch-ndarray/crates/core_arch/src/x86/avx512gfni.rs:405:18
[INFO] [stdout]     |
[INFO] [stdout] 405 | #[target_feature(enable = "avx512gfni,avx512bw,avx512vl")]
[INFO] [stdout]     |                  ^^^^^^^^^^^^^^^^^^^^^^^^^^^^^^^^^^^^^^^ `avx512gfni` is not valid for this target
[INFO] [stdout] 
[INFO] [stdout] 
[INFO] [stdout] error: the feature named `avx512gfni` is not valid for this target
[INFO] [stdout]    --> stdarch-ndarray/crates/core_arch/src/x86/avx512gfni.rs:432:18
[INFO] [stdout]     |
[INFO] [stdout] 432 | #[target_feature(enable = "avx512gfni,avx512bw,avx512vl")]
[INFO] [stdout]     |                  ^^^^^^^^^^^^^^^^^^^^^^^^^^^^^^^^^^^^^^^ `avx512gfni` is not valid for this target
[INFO] [stdout] 
[INFO] [stdout] 
[INFO] [stdout] error: the feature named `avx512gfni` is not valid for this target
[INFO] [stdout]    --> stdarch-ndarray/crates/core_arch/src/x86/avx512gfni.rs:458:18
[INFO] [stdout]     |
[INFO] [stdout] 458 | #[target_feature(enable = "avx512gfni,avx512bw,avx512f")]
[INFO] [stdout]     |                  ^^^^^^^^^^^^^^^^^^^^^^^^^^^^^^^^^^^^^^ `avx512gfni` is not valid for this target
[INFO] [stdout] 
[INFO] [stdout] 
[INFO] [stdout] error: the feature named `avx512gfni` is not valid for this target
[INFO] [stdout]    --> stdarch-ndarray/crates/core_arch/src/x86/avx512gfni.rs:482:18
[INFO] [stdout]     |
[INFO] [stdout] 482 | #[target_feature(enable = "avx512gfni,avx512bw,avx512f")]
[INFO] [stdout]     |                  ^^^^^^^^^^^^^^^^^^^^^^^^^^^^^^^^^^^^^^ `avx512gfni` is not valid for this target
[INFO] [stdout] 
[INFO] [stdout] 
[INFO] [stdout] error: the feature named `avx512gfni` is not valid for this target
[INFO] [stdout]    --> stdarch-ndarray/crates/core_arch/src/x86/avx512gfni.rs:511:18
[INFO] [stdout]     |
[INFO] [stdout] 511 | #[target_feature(enable = "avx512gfni,avx512bw,avx512f")]
[INFO] [stdout]     |                  ^^^^^^^^^^^^^^^^^^^^^^^^^^^^^^^^^^^^^^ `avx512gfni` is not valid for this target
[INFO] [stdout] 
[INFO] [stdout] 
[INFO] [stdout] error: the feature named `avx512gfni` is not valid for this target
[INFO] [stdout]    --> stdarch-ndarray/crates/core_arch/src/x86/avx512gfni.rs:537:18
[INFO] [stdout]     |
[INFO] [stdout] 537 | #[target_feature(enable = "avx512gfni,avx512bw,avx512vl")]
[INFO] [stdout]     |                  ^^^^^^^^^^^^^^^^^^^^^^^^^^^^^^^^^^^^^^^ `avx512gfni` is not valid for this target
[INFO] [stdout] 
[INFO] [stdout] 
[INFO] [stdout] error: the feature named `avx512gfni` is not valid for this target
[INFO] [stdout]    --> stdarch-ndarray/crates/core_arch/src/x86/avx512gfni.rs:561:18
[INFO] [stdout]     |
[INFO] [stdout] 561 | #[target_feature(enable = "avx512gfni,avx512bw,avx512vl")]
[INFO] [stdout]     |                  ^^^^^^^^^^^^^^^^^^^^^^^^^^^^^^^^^^^^^^^ `avx512gfni` is not valid for this target
[INFO] [stdout] 
[INFO] [stdout] 
[INFO] [stdout] error: the feature named `avx512gfni` is not valid for this target
[INFO] [stdout]    --> stdarch-ndarray/crates/core_arch/src/x86/avx512gfni.rs:590:18
[INFO] [stdout]     |
[INFO] [stdout] 590 | #[target_feature(enable = "avx512gfni,avx512bw,avx512vl")]
[INFO] [stdout]     |                  ^^^^^^^^^^^^^^^^^^^^^^^^^^^^^^^^^^^^^^^ `avx512gfni` is not valid for this target
[INFO] [stdout] 
[INFO] [stdout] 
[INFO] [stdout] error: the feature named `avx512gfni` is not valid for this target
[INFO] [stdout]    --> stdarch-ndarray/crates/core_arch/src/x86/avx512gfni.rs:616:18
[INFO] [stdout]     |
[INFO] [stdout] 616 | #[target_feature(enable = "avx512gfni,avx512bw,avx512vl")]
[INFO] [stdout]     |                  ^^^^^^^^^^^^^^^^^^^^^^^^^^^^^^^^^^^^^^^ `avx512gfni` is not valid for this target
[INFO] [stdout] 
[INFO] [stdout] 
[INFO] [stdout] error: the feature named `avx512gfni` is not valid for this target
[INFO] [stdout]    --> stdarch-ndarray/crates/core_arch/src/x86/avx512gfni.rs:640:18
[INFO] [stdout]     |
[INFO] [stdout] 640 | #[target_feature(enable = "avx512gfni,avx512bw,avx512vl")]
[INFO] [stdout]     |                  ^^^^^^^^^^^^^^^^^^^^^^^^^^^^^^^^^^^^^^^ `avx512gfni` is not valid for this target
[INFO] [stdout] 
[INFO] [stdout] 
[INFO] [stdout] error: the feature named `avx512gfni` is not valid for this target
[INFO] [stdout]    --> stdarch-ndarray/crates/core_arch/src/x86/avx512gfni.rs:669:18
[INFO] [stdout]     |
[INFO] [stdout] 669 | #[target_feature(enable = "avx512gfni,avx512bw,avx512vl")]
[INFO] [stdout]     |                  ^^^^^^^^^^^^^^^^^^^^^^^^^^^^^^^^^^^^^^^ `avx512gfni` is not valid for this target
[INFO] [stdout] 
[INFO] [stdout] 
[INFO] [stdout] error: the feature named `avx512vaes` is not valid for this target
[INFO] [stdout]   --> stdarch-ndarray/crates/core_arch/src/x86/avx512vaes.rs:41:18
[INFO] [stdout]    |
[INFO] [stdout] 41 | #[target_feature(enable = "avx512vaes,avx512vl")]
[INFO] [stdout]    |                  ^^^^^^^^^^^^^^^^^^^^^^^^^^^^^^ `avx512vaes` is not valid for this target
[INFO] [stdout] 
[INFO] [stdout] 
[INFO] [stdout] error: the feature named `avx512vaes` is not valid for this target
[INFO] [stdout]   --> stdarch-ndarray/crates/core_arch/src/x86/avx512vaes.rs:52:18
[INFO] [stdout]    |
[INFO] [stdout] 52 | #[target_feature(enable = "avx512vaes,avx512vl")]
[INFO] [stdout]    |                  ^^^^^^^^^^^^^^^^^^^^^^^^^^^^^^ `avx512vaes` is not valid for this target
[INFO] [stdout] 
[INFO] [stdout] 
[INFO] [stdout] error: the feature named `avx512vaes` is not valid for this target
[INFO] [stdout]   --> stdarch-ndarray/crates/core_arch/src/x86/avx512vaes.rs:63:18
[INFO] [stdout]    |
[INFO] [stdout] 63 | #[target_feature(enable = "avx512vaes,avx512vl")]
[INFO] [stdout]    |                  ^^^^^^^^^^^^^^^^^^^^^^^^^^^^^^ `avx512vaes` is not valid for this target
[INFO] [stdout] 
[INFO] [stdout] 
[INFO] [stdout] error: the feature named `avx512vaes` is not valid for this target
[INFO] [stdout]   --> stdarch-ndarray/crates/core_arch/src/x86/avx512vaes.rs:74:18
[INFO] [stdout]    |
[INFO] [stdout] 74 | #[target_feature(enable = "avx512vaes,avx512vl")]
[INFO] [stdout]    |                  ^^^^^^^^^^^^^^^^^^^^^^^^^^^^^^ `avx512vaes` is not valid for this target
[INFO] [stdout] 
[INFO] [stdout] 
[INFO] [stdout] error: the feature named `avx512vaes` is not valid for this target
[INFO] [stdout]   --> stdarch-ndarray/crates/core_arch/src/x86/avx512vaes.rs:85:18
[INFO] [stdout]    |
[INFO] [stdout] 85 | #[target_feature(enable = "avx512vaes,avx512f")]
[INFO] [stdout]    |                  ^^^^^^^^^^^^^^^^^^^^^^^^^^^^^ `avx512vaes` is not valid for this target
[INFO] [stdout] 
[INFO] [stdout] 
[INFO] [stdout] error: the feature named `avx512vaes` is not valid for this target
[INFO] [stdout]   --> stdarch-ndarray/crates/core_arch/src/x86/avx512vaes.rs:96:18
[INFO] [stdout]    |
[INFO] [stdout] 96 | #[target_feature(enable = "avx512vaes,avx512f")]
[INFO] [stdout]    |                  ^^^^^^^^^^^^^^^^^^^^^^^^^^^^^ `avx512vaes` is not valid for this target
[INFO] [stdout] 
[INFO] [stdout] 
[INFO] [stdout] error: the feature named `avx512vaes` is not valid for this target
[INFO] [stdout]    --> stdarch-ndarray/crates/core_arch/src/x86/avx512vaes.rs:107:18
[INFO] [stdout]     |
[INFO] [stdout] 107 | #[target_feature(enable = "avx512vaes,avx512f")]
[INFO] [stdout]     |                  ^^^^^^^^^^^^^^^^^^^^^^^^^^^^^ `avx512vaes` is not valid for this target
[INFO] [stdout] 
[INFO] [stdout] 
[INFO] [stdout] error: the feature named `avx512vaes` is not valid for this target
[INFO] [stdout]    --> stdarch-ndarray/crates/core_arch/src/x86/avx512vaes.rs:118:18
[INFO] [stdout]     |
[INFO] [stdout] 118 | #[target_feature(enable = "avx512vaes,avx512f")]
[INFO] [stdout]     |                  ^^^^^^^^^^^^^^^^^^^^^^^^^^^^^ `avx512vaes` is not valid for this target
[INFO] [stdout] 
[INFO] [stdout] 
[INFO] [stdout] error: the feature named `avx512vpclmulqdq` is not valid for this target
[INFO] [stdout]   --> stdarch-ndarray/crates/core_arch/src/x86/avx512vpclmulqdq.rs:35:18
[INFO] [stdout]    |
[INFO] [stdout] 35 | #[target_feature(enable = "avx512vpclmulqdq,avx512f")]
[INFO] [stdout]    |                  ^^^^^^^^^^^^^^^^^^^^^^^^^^^^^^^^^^^ `avx512vpclmulqdq` is not valid for this target
[INFO] [stdout] 
[INFO] [stdout] 
[INFO] [stdout] error: the feature named `avx512vpclmulqdq` is not valid for this target
[INFO] [stdout]   --> stdarch-ndarray/crates/core_arch/src/x86/avx512vpclmulqdq.rs:53:18
[INFO] [stdout]    |
[INFO] [stdout] 53 | #[target_feature(enable = "avx512vpclmulqdq,avx512vl")]
[INFO] [stdout]    |                  ^^^^^^^^^^^^^^^^^^^^^^^^^^^^^^^^^^^^ `avx512vpclmulqdq` is not valid for this target
[INFO] [stdout] 
[INFO] [stdout] 
[INFO] [stdout] error: aborting due to 78 previous errors; 10 warnings emitted
[INFO] [stdout] 
[INFO] [stdout] 
[INFO] [stdout] Some errors have detailed explanations: E0425, E0557, E0635.
[INFO] [stdout] 
[INFO] [stdout] For more information about an error, try `rustc --explain E0425`.
[INFO] [stdout] 
[INFO] [stderr] error: could not compile `core_arch` (lib) due to 79 previous errors; 10 warnings emitted
[INFO] [stderr] warning: build failed, waiting for other jobs to finish...
[INFO] running `Command { std: "docker" "inspect" "be1bfea0f1b873afae043f53c94d45a133469fb4a93181279ebfc7fc818f2866", kill_on_drop: false }`
[INFO] running `Command { std: "docker" "rm" "-f" "be1bfea0f1b873afae043f53c94d45a133469fb4a93181279ebfc7fc818f2866", kill_on_drop: false }`
[INFO] [stdout] be1bfea0f1b873afae043f53c94d45a133469fb4a93181279ebfc7fc818f2866
